t of 482?
4
What is the ten thousands digit of 11496?
1
What is the units digit of 3321?
1
What is the hundreds digit of 125?
1
What is the tens digit of 3644?
4
What is the thousands digit of 4008?
4
What is the hundreds digit of 7796?
7
What is the tens digit of 922?
2
What is the hundreds digit of 1974?
9
What is the ten thousands digit of 12830?
1
What is the units digit of 51150?
0
What is the units digit of 3881?
1
What is the ten thousands digit of 109198?
0
What is the hundred thousands digit of 175747?
1
What is the units digit of 4307?
7
What is the units digit of 2954?
4
What is the thousands digit of 8456?
8
What is the hundred thousands digit of 122798?
1
What is the units digit of 68025?
5
What is the thousands digit of 12916?
2
What is the hundreds digit of 2065?
0
What is the units digit of 271?
1
What is the thousands digit of 8452?
8
What is the hundreds digit of 1632?
6
What is the units digit of 11?
1
What is the hundreds digit of 5790?
7
What is the units digit of 43886?
6
What is the units digit of 3731?
1
What is the thousands digit of 58481?
8
What is the tens digit of 98?
9
What is the tens digit of 387?
8
What is the units digit of 45016?
6
What is the tens digit of 936?
3
What is the units digit of 19020?
0
What is the units digit of 195?
5
What is the ten thousands digit of 32713?
3
What is the hundreds digit of 573?
5
What is the hundreds digit of 484?
4
What is the hundreds digit of 109771?
7
What is the units digit of 2838?
8
What is the hundreds digit of 481?
4
What is the hundreds digit of 5763?
7
What is the units digit of 12766?
6
What is the units digit of 1884?
4
What is the units digit of 325?
5
What is the hundreds digit of 74462?
4
What is the thousands digit of 4800?
4
What is the tens digit of 9674?
7
What is the units digit of 56647?
7
What is the hundreds digit of 18015?
0
What is the tens digit of 3740?
4
What is the hundreds digit of 4229?
2
What is the units digit of 108?
8
What is the tens digit of 201?
0
What is the units digit of 2481?
1
What is the hundreds digit of 7884?
8
What is the tens digit of 18003?
0
What is the hundreds digit of 22399?
3
What is the thousands digit of 7277?
7
What is the hundreds digit of 788?
7
What is the hundreds digit of 13234?
2
What is the tens digit of 5528?
2
What is the tens digit of 2514?
1
What is the hundreds digit of 3787?
7
What is the tens digit of 37866?
6
What is the tens digit of 1025?
2
What is the tens digit of 1200?
0
What is the units digit of 103958?
8
What is the tens digit of 6146?
4
What is the tens digit of 20027?
2
What is the units digit of 135777?
7
What is the tens digit of 6516?
1
What is the hundreds digit of 22385?
3
What is the units digit of 1357?
7
What is the tens digit of 963?
6
What is the tens digit of 6122?
2
What is the tens digit of 31343?
4
What is the tens digit of 103722?
2
What is the units digit of 6617?
7
What is the thousands digit of 7413?
7
What is the hundreds digit of 16589?
5
What is the thousands digit of 4371?
4
What is the tens digit of 406?
0
What is the units digit of 560?
0
What is the hundreds digit of 7023?
0
What is the tens digit of 32315?
1
What is the hundreds digit of 106698?
6
What is the tens digit of 25789?
8
What is the units digit of 3445?
5
What is the tens digit of 417?
1
What is the hundreds digit of 210?
2
What is the hundreds digit of 71969?
9
What is the tens digit of 356?
5
What is the thousands digit of 7885?
7
What is the tens digit of 926?
2
What is the thousands digit of 175318?
5
What is the tens digit of 35193?
9
What is the tens digit of 26484?
8
What is the units digit of 3050?
0
What is the ten thousands digit of 12674?
1
What is the thousands digit of 37800?
7
What is the thousands digit of 1538?
1
What is the ten thousands digit of 34993?
3
What is the hundreds digit of 2726?
7
What is the units digit of 8170?
0
What is the units digit of 859?
9
What is the tens digit of 155081?
8
What is the units digit of 14197?
7
What is the tens digit of 35183?
8
What is the units digit of 34719?
9
What is the tens digit of 497?
9
What is the tens digit of 801?
0
What is the tens digit of 2196?
9
What is the units digit of 2337?
7
What is the units digit of 6227?
7
What is the hundreds digit of 72597?
5
What is the hundreds digit of 6786?
7
What is the ten thousands digit of 16459?
1
What is the thousands digit of 5826?
5
What is the hundreds digit of 123007?
0
What is the units digit of 3254?
4
What is the thousands digit of 67228?
7
What is the thousands digit of 8124?
8
What is the hundreds digit of 6924?
9
What is the hundreds digit of 19842?
8
What is the thousands digit of 8791?
8
What is the units digit of 8607?
7
What is the hundreds digit of 1330?
3
What is the hundreds digit of 2286?
2
What is the tens digit of 54?
5
What is the ten thousands digit of 112920?
1
What is the tens digit of 14400?
0
What is the hundreds digit of 12756?
7
What is the thousands digit of 1398?
1
What is the tens digit of 322?
2
What is the units digit of 77525?
5
What is the hundreds digit of 4902?
9
What is the units digit of 12725?
5
What is the hundreds digit of 5806?
8
What is the units digit of 46686?
6
What is the tens digit of 46195?
9
What is the hundreds digit of 9961?
9
What is the tens digit of 58784?
8
What is the tens digit of 9854?
5
What is the thousands digit of 51649?
1
What is the hundreds digit of 1720?
7
What is the hundreds digit of 71416?
4
What is the tens digit of 7242?
4
What is the hundreds digit of 10779?
7
What is the hundreds digit of 66939?
9
What is the thousands digit of 24437?
4
What is the ten thousands digit of 37609?
3
What is the units digit of 33?
3
What is the thousands digit of 37463?
7
What is the tens digit of 4924?
2
What is the tens digit of 557?
5
What is the ten thousands digit of 12764?
1
What is the hundreds digit of 1314?
3
What is the thousands digit of 3484?
3
What is the hundreds digit of 1106?
1
What is the hundreds digit of 48873?
8
What is the hundreds digit of 37876?
8
What is the units digit of 13108?
8
What is the tens digit of 1146?
4
What is the units digit of 1500?
0
What is the thousands digit of 1312?
1
What is the thousands digit of 27438?
7
What is the tens digit of 1303?
0
What is the units digit of 1107?
7
What is the thousands digit of 7744?
7
What is the ten thousands digit of 23788?
2
What is the tens digit of 5560?
6
What is the thousands digit of 33117?
3
What is the tens digit of 60951?
5
What is the hundreds digit of 41899?
8
What is the ten thousands digit of 77342?
7
What is the hundreds digit of 4239?
2
What is the hundreds digit of 3974?
9
What is the thousands digit of 7899?
7
What is the ten thousands digit of 38312?
3
What is the thousands digit of 9298?
9
What is the hundreds digit of 52377?
3
What is the units digit of 2270?
0
What is the ten thousands digit of 19104?
1
What is the tens digit of 7942?
4
What is the hundreds digit of 3962?
9
What is the thousands digit of 1639?
1
What is the units digit of 30750?
0
What is the hundreds digit of 228?
2
What is the hundreds digit of 898?
8
What is the thousands digit of 9009?
9
What is the ten thousands digit of 87207?
8
What is the thousands digit of 2980?
2
What is the units digit of 8194?
4
What is the units digit of 283?
3
What is the units digit of 1033?
3
What is the thousands digit of 59615?
9
What is the units digit of 1490?
0
What is the thousands digit of 30392?
0
What is the tens digit of 71374?
7
What is the thousands digit of 38498?
8
What is the tens digit of 5277?
7
What is the units digit of 5533?
3
What is the units digit of 1623?
3
What is the hundreds digit of 1545?
5
What is the units digit of 263?
3
What is the hundreds digit of 4292?
2
What is the ten thousands digit of 23997?
2
What is the units digit of 1917?
7
What is the units digit of 115?
5
What is the units digit of 294?
4
What is the thousands digit of 50131?
0
What is the thousands digit of 4577?
4
What is the units digit of 34?
4
What is the hundred thousands digit of 119051?
1
What is the hundreds digit of 1169?
1
What is the tens digit of 60240?
4
What is the hundreds digit of 300?
3
What is the tens digit of 12324?
2
What is the units digit of 5580?
0
What is the hundreds digit of 6113?